{"id":6213,"date":"2024-11-12T10:48:44","date_gmt":"2024-11-12T10:48:44","guid":{"rendered":"https:\/\/www.inproinnova.es\/?page_id=6213"},"modified":"2025-10-31T15:41:19","modified_gmt":"2025-10-31T15:41:19","slug":"inscripcion-tecnicos-tics","status":"publish","type":"page","link":"https:\/\/www.inproinnova.es\/index.php\/inscripcion-tecnicos-tics\/","title":{"rendered":"Inscripci\u00f3n C\u00f3ctel Networking"},"content":{"rendered":"<p>[vc_row][vc_column][vc_column_text]<br \/>\nRogamos confirmen asistencia al c\u00f3ctel que se ofrecer\u00e1 a partir de las 19:30 h.<br \/>\n\n<div class=\"wpcf7 no-js\" id=\"wpcf7-f6141-o1\" lang=\"es-ES\" dir=\"ltr\" data-wpcf7-id=\"6141\">\n<div class=\"screen-reader-response\"><p role=\"status\" aria-live=\"polite\" aria-atomic=\"true\"><\/p> <ul><\/ul><\/div>\n<form action=\"\/index.php\/wp-json\/wp\/v2\/pages\/6213#wpcf7-f6141-o1\" method=\"post\" class=\"wpcf7-form init\" aria-label=\"Formulario de contacto\" novalidate=\"novalidate\" data-status=\"init\">\n<fieldset class=\"hidden-fields-container\"><input type=\"hidden\" name=\"_wpcf7\" value=\"6141\" \/><input type=\"hidden\" name=\"_wpcf7_version\" value=\"6.1.1\" \/><input type=\"hidden\" name=\"_wpcf7_locale\" value=\"es_ES\" \/><input type=\"hidden\" name=\"_wpcf7_unit_tag\" value=\"wpcf7-f6141-o1\" \/><input type=\"hidden\" name=\"_wpcf7_container_post\" value=\"0\" \/><input type=\"hidden\" name=\"_wpcf7_posted_data_hash\" value=\"\" \/><input type=\"hidden\" name=\"_wpcf7_recaptcha_response\" value=\"\" \/>\n<\/fieldset>\n<p><br \/>\n<b>NOMBRE:<\/b>\n<\/p>\n<p><span class=\"wpcf7-form-control-wrap\" data-name=\"nombre\"><input size=\"40\" maxlength=\"400\" class=\"wpcf7-form-control wpcf7-text wpcf7-validates-as-required\" aria-required=\"true\" aria-invalid=\"false\" placeholder=\"Nombre *\" value=\"\" type=\"text\" name=\"nombre\" \/><\/span>\n<\/p>\n<p><b>APELLIDOS<\/b>\n<\/p>\n<p><span class=\"wpcf7-form-control-wrap\" data-name=\"apellidos\"><input size=\"40\" maxlength=\"400\" class=\"wpcf7-form-control wpcf7-text wpcf7-validates-as-required\" aria-required=\"true\" aria-invalid=\"false\" placeholder=\"Apellidos *\" value=\"\" type=\"text\" name=\"apellidos\" \/><\/span>\n<\/p>\n<p><b>ENTIDAD\/EMPRESA<\/b>\n<\/p>\n<p><span class=\"wpcf7-form-control-wrap\" data-name=\"organismo\"><input size=\"40\" maxlength=\"400\" class=\"wpcf7-form-control wpcf7-text wpcf7-validates-as-required\" aria-required=\"true\" aria-invalid=\"false\" placeholder=\"Entidad\/Empresa*\" value=\"\" type=\"text\" name=\"organismo\" \/><\/span>\n<\/p>\n<p><b>CARGO<\/b>\n<\/p>\n<p><span class=\"wpcf7-form-control-wrap\" data-name=\"cargo\"><input size=\"40\" maxlength=\"400\" class=\"wpcf7-form-control wpcf7-text wpcf7-validates-as-required\" aria-required=\"true\" aria-invalid=\"false\" placeholder=\"Cargo *\" value=\"\" type=\"text\" name=\"cargo\" \/><\/span>\n<\/p>\n<p><b>EMAIL<\/b>\n<\/p>\n<p><span class=\"wpcf7-form-control-wrap\" data-name=\"email\"><input size=\"40\" maxlength=\"400\" class=\"wpcf7-form-control wpcf7-email wpcf7-validates-as-required wpcf7-text wpcf7-validates-as-email\" aria-required=\"true\" aria-invalid=\"false\" placeholder=\"Email *\" value=\"\" type=\"email\" name=\"email\" \/><\/span>\n<\/p>\n<p><small><b>Informaci\u00f3n b\u00e1sica sobre protecci\u00f3n de datos<\/b><br \/>\n<b>Responsable:<\/b>dpo@dipusevilla.es<br \/>\n<b>Finalidad:<\/b>Inscripci\u00f3n a las jornadas<br \/>\n<b>Destinatarios:<\/b>No se ceder\u00e1n datos a terceros<br \/>\n<b>Derechos:<\/b>Derecho de acceso, rectificaci\u00f3n y supresi\u00f3n enviado email a inpro@dipusevilla.es<\/small>\n<\/p>\n<p><span class=\"wpcf7-form-control-wrap\" data-name=\"aceptacion\"><span class=\"wpcf7-form-control wpcf7-acceptance optional\"><span class=\"wpcf7-list-item\"><input type=\"checkbox\" name=\"aceptacion\" value=\"1\" aria-invalid=\"false\" \/><\/span><\/span><\/span><a href=\"\/index.php\/politica-de-privacidad\/\">Acepto la pol\u00edtica de privacidad<\/a><br \/>\n<br \/>\n<input class=\"wpcf7-form-control wpcf7-submit has-spinner\" type=\"submit\" value=\"Enviar\" \/>\n<\/p><div class=\"wpcf7-response-output\" aria-hidden=\"true\"><\/div>\n<\/form>\n<\/div>\n<p>[\/vc_column_text][\/vc_column][\/vc_row]<\/p>\n","protected":false},"excerpt":{"rendered":"[vc_row][vc_column][vc_column_text] Rogamos confirmen asistencia al c\u00f3ctel que se ofrecer\u00e1 a partir de las 19:30 h. NOMBRE: APELLIDOS ENTIDAD\/EMPRESA CARGO EMAIL Informaci\u00f3n b\u00e1sica sobre protecci\u00f3n de&hellip;<p><a href=\"https:\/\/www.inproinnova.es\/index.php\/inscripcion-tecnicos-tics\/\" class=\"read-more-link\"><span class=\"read-more-icon\"><\/span>Ver m\u00e1s<\/a><\/p>","protected":false},"author":3,"featured_media":0,"parent":0,"menu_order":0,"comment_status":"closed","ping_status":"closed","template":"","meta":{"footnotes":""},"class_list":["post-6213","page","type-page","status-publish","hentry"],"_links":{"self":[{"href":"https:\/\/www.inproinnova.es\/index.php\/wp-json\/wp\/v2\/pages\/6213","targetHints":{"allow":["GET"]}}],"collection":[{"href":"https:\/\/www.inproinnova.es\/index.php\/wp-json\/wp\/v2\/pages"}],"about":[{"href":"https:\/\/www.inproinnova.es\/index.php\/wp-json\/wp\/v2\/types\/page"}],"author":[{"embeddable":true,"href":"https:\/\/www.inproinnova.es\/index.php\/wp-json\/wp\/v2\/users\/3"}],"replies":[{"embeddable":true,"href":"https:\/\/www.inproinnova.es\/index.php\/wp-json\/wp\/v2\/comments?post=6213"}],"version-history":[{"count":7,"href":"https:\/\/www.inproinnova.es\/index.php\/wp-json\/wp\/v2\/pages\/6213\/revisions"}],"predecessor-version":[{"id":6802,"href":"https:\/\/www.inproinnova.es\/index.php\/wp-json\/wp\/v2\/pages\/6213\/revisions\/6802"}],"wp:attachment":[{"href":"https:\/\/www.inproinnova.es\/index.php\/wp-json\/wp\/v2\/media?parent=6213"}],"curies":[{"name":"wp","href":"https:\/\/api.w.org\/{rel}","templated":true}]}}