{"id":4816,"date":"2022-10-26T08:05:16","date_gmt":"2022-10-26T08:05:16","guid":{"rendered":"https:\/\/www.inproinnova.es\/?page_id=4816"},"modified":"2024-11-11T18:05:09","modified_gmt":"2024-11-11T18:05:09","slug":"inscripcion-jornadas-empresas-tic","status":"publish","type":"page","link":"https:\/\/www.inproinnova.es\/index.php\/inscripcion-jornadas-empresas-tic\/","title":{"rendered":"SEVILLA DIGITAL. INNOVACI\u00d3N Y EMPRENDIMIENTO TECNOL\u00d3GICO"},"content":{"rendered":"<p>[vc_row][vc_column][vc_column_text]<\/p>\n<p>[\/vc_column_text][\/vc_column][\/vc_row][vc_row][vc_column][om_agenda][om_agenda_day title=\u00bbSEVILLA DIGITAL.INNOVACI\u00d3N y EMPRENDIMIENTO TECNOL\u00d3GICO\u00bb date=\u00bb25\/11\/2024 16.30 horas\u00bb][om_agenda_item time=\u00bb16:30&#8243; title=\u00bbMesa redonda. Impulsando la inovaci\u00f3n: El futuro de las inversiones TIC en Sevilla.\u00bb room=\u00bbRecinto Ferial\u00bb speaker_ids=\u00bb113, 4870, 5929&#8243;]Modera:<br \/>\nManuel Ortigosa Brun. Decano del Colegio Oficial de Ingenieros de Telecomunicaciones de Andaluc\u00eda Occidental y Ceuta.<br \/>\nIntervienen:<br \/>\nMar\u00eda Nieves Valenzuela Romero. Directora General de Fomento de la Innovaci\u00f3n. Consejer\u00eda de Universidad, Investigaci\u00f3n e Innovaci\u00f3n.<br \/>\nCarmen Rodr\u00edguez Quir\u00f3s. Gerente de la Sociedad Provincial de Inform\u00e1tica de Sevilla &#8211; INPRO. Diputaci\u00f3n de Sevilla[\/om_agenda_item][om_agenda_item time=\u00bb17:15&#8243; title=\u00bbMesa redonda. Innovaci\u00f3n colaborativa: El poder de los Clusters y Corporaciones TIC.\u00bb room=\u00bbRecinto ferial\u00bb speaker_ids=\u00bb5918, 5922, 5924, 5920&#8243;]Modera:<br \/>\nLoreto del Valle Cebada. Directora General de Fomento de la Innovaci\u00f3n. Consejer\u00eda de la Universidad, Investigaci\u00f3n e Innovaci\u00f3n.<br \/>\nIntervienen:<br \/>\nDaniel Gonz\u00e1lez Bootello. Director General de SmartCity Cluster.<br \/>\nFabi\u00e1n Varas S\u00e1nchez. Director T\u00e9cnico de CTA.<br \/>\nAntonio Alc\u00e1ntara L\u00f3pez. Gerente de OnTech.[\/om_agenda_item][om_agenda_item time=\u00bb18.15&#8243; title=\u00bbInnovaci\u00f3n para Emprender\u00bb room=\u00bbRecinto ferial\u00bb speaker_ids=\u00bb4195, 5926&#8243;]Presenta:<br \/>\nAdolfo Borrero Villal\u00f3n. Presidente de Smart Cities AMETIC.<br \/>\nConferencia de Germ\u00e1n Torrado, fundador de ARRAKIS, Founder of VESS Venture Studio.[\/om_agenda_item][om_agenda_item time=\u00bb18:45&#8243; title=\u00bbCierre de las Jornadas\u00bb room=\u00bbRecinto ferial\u00bb speaker_ids=\u00bb6021,5554&#8243;]Antonio Miguel Posadas Chinchilla. Sr. Secretario General de Investigaci\u00f3n e Innovaci\u00f3n. Consejer\u00eda de Universidad, Investigaci\u00f3n e Innovaci\u00f3n.<br \/>\nAntonio Jes\u00fas Mu\u00f1oz Quir\u00f3s. Sr. Vicepresidente de INPRO[\/om_agenda_item][om_agenda_item time=\u00bb19:15&#8243; title=\u00bbNetworking \/ C\u00f3ctel\u00bb room=\u00bbRecinto ferial\u00bb][\/om_agenda_item][\/om_agenda_day][\/om_agenda][\/vc_column][\/vc_row][vc_row][vc_column][vc_column_text]<\/p>\n<p>[\/vc_column_text][vc_single_image image=\u00bb6023&#8243;][\/vc_column][\/vc_row][vc_row][vc_column][vc_column_text]<\/p>\n<p>[\/vc_column_text][vc_column_text]<\/p>\n<p>[\/vc_column_text][vc_column_text]<p class=\"wpcf7-contact-form-not-found\"><strong>Error:<\/strong> Formulario de contacto no encontrado.<\/p>[\/vc_column_text][\/vc_column][\/vc_row][vc_row][vc_column][vc_column_text]<\/p>\n<p>[\/vc_column_text][\/vc_column][\/vc_row]<\/p>\n","protected":false},"excerpt":{"rendered":"<p>[vc_row][vc_column][vc_column_text] [\/vc_column_text][\/vc_column][\/vc_row][vc_row][vc_column][om_agenda][om_agenda_day title=\u00bbSEVILLA DIGITAL.INNOVACI\u00d3N y EMPRENDIMIENTO TECNOL\u00d3GICO\u00bb date=\u00bb25\/11\/2024 16.30 horas\u00bb][om_agenda_item time=\u00bb16:30&#8243; title=\u00bbMesa redonda. Impulsando la inovaci\u00f3n: El futuro de las inversiones TIC en Sevilla.\u00bb room=\u00bbRecinto&hellip;<\/p>\n<p><a href=\"https:\/\/www.inproinnova.es\/index.php\/inscripcion-jornadas-empresas-tic\/\" class=\"read-more-link\"><span class=\"read-more-icon\"><\/span>Ver m\u00e1s<\/a><\/p>\n","protected":false},"author":3,"featured_media":0,"parent":0,"menu_order":0,"comment_status":"closed","ping_status":"closed","template":"","meta":{"footnotes":""},"class_list":["post-4816","page","type-page","status-publish","hentry"],"_links":{"self":[{"href":"https:\/\/www.inproinnova.es\/index.php\/wp-json\/wp\/v2\/pages\/4816","targetHints":{"allow":["GET"]}}],"collection":[{"href":"https:\/\/www.inproinnova.es\/index.php\/wp-json\/wp\/v2\/pages"}],"about":[{"href":"https:\/\/www.inproinnova.es\/index.php\/wp-json\/wp\/v2\/types\/page"}],"author":[{"embeddable":true,"href":"https:\/\/www.inproinnova.es\/index.php\/wp-json\/wp\/v2\/users\/3"}],"replies":[{"embeddable":true,"href":"https:\/\/www.inproinnova.es\/index.php\/wp-json\/wp\/v2\/comments?post=4816"}],"version-history":[{"count":10,"href":"https:\/\/www.inproinnova.es\/index.php\/wp-json\/wp\/v2\/pages\/4816\/revisions"}],"predecessor-version":[{"id":6170,"href":"https:\/\/www.inproinnova.es\/index.php\/wp-json\/wp\/v2\/pages\/4816\/revisions\/6170"}],"wp:attachment":[{"href":"https:\/\/www.inproinnova.es\/index.php\/wp-json\/wp\/v2\/media?parent=4816"}],"curies":[{"name":"wp","href":"https:\/\/api.w.org\/{rel}","templated":true}]}}

SEVILLA DIGITAL. INNOVACIÓN Y EMPRENDIMIENTO TECNOLÓGICO

<p>[vc_row][vc_column][vc_column_text]</p>
<p>[/vc_column_text][/vc_column][/vc_row][vc_row][vc_column][om_agenda][om_agenda_day title=»SEVILLA DIGITAL.INNOVACIÓN y EMPRENDIMIENTO TECNOLÓGICO» date=»25/11/2024 16.30 horas»][om_agenda_item time=»16:30&#8243; title=»Mesa redonda. Impulsando la inovación: El futuro de las inversiones TIC en Sevilla.» room=»Recinto Ferial» speaker_ids=»113, 4870, 5929&#8243;]Modera:<br />
Manuel Ortigosa Brun. Decano del Colegio Oficial de Ingenieros de Telecomunicaciones de Andalucía Occidental y Ceuta.<br />
Intervienen:<br />
María Nieves Valenzuela Romero. Directora General de Fomento de la Innovación. Consejería de Universidad, Investigación e Innovación.<br />
Carmen Rodríguez Quirós. Gerente de la Sociedad Provincial de Informática de Sevilla &#8211; INPRO. Diputación de Sevilla[/om_agenda_item][om_agenda_item time=»17:15&#8243; title=»Mesa redonda. Innovación colaborativa: El poder de los Clusters y Corporaciones TIC.» room=»Recinto ferial» speaker_ids=»5918, 5922, 5924, 5920&#8243;]Modera:<br />
Loreto del Valle Cebada. Directora General de Fomento de la Innovación. Consejería de la Universidad, Investigación e Innovación.<br />
Intervienen:<br />
Daniel González Bootello. Director General de SmartCity Cluster.<br />
Fabián Varas Sánchez. Director Técnico de CTA.<br />
Antonio Alcántara López. Gerente de OnTech.[/om_agenda_item][om_agenda_item time=»18.15&#8243; title=»Innovación para Emprender» room=»Recinto ferial» speaker_ids=»4195, 5926&#8243;]Presenta:<br />
Adolfo Borrero Villalón. Presidente de Smart Cities AMETIC.<br />
Conferencia de Germán Torrado, fundador de ARRAKIS, Founder of VESS Venture Studio.[/om_agenda_item][om_agenda_item time=»18:45&#8243; title=»Cierre de las Jornadas» room=»Recinto ferial» speaker_ids=»6021,5554&#8243;]Antonio Miguel Posadas Chinchilla. Sr. Secretario General de Investigación e Innovación. Consejería de Universidad, Investigación e Innovación.<br />
Antonio Jesús Muñoz Quirós. Sr. Vicepresidente de INPRO[/om_agenda_item][om_agenda_item time=»19:15&#8243; title=»Networking / Cóctel» room=»Recinto ferial»][/om_agenda_item][/om_agenda_day][/om_agenda][/vc_column][/vc_row][vc_row][vc_column][vc_column_text]</p>
<p>[/vc_column_text][vc_single_image image=»6023&#8243;][/vc_column][/vc_row][vc_row][vc_column][vc_column_text]</p>
<p>[/vc_column_text][vc_column_text]</p>
<p>[/vc_column_text][vc_column_text]<p class="wpcf7-contact-form-not-found"><strong>Error:</strong> Formulario de contacto no encontrado.</p>[/vc_column_text][/vc_column][/vc_row][vc_row][vc_column][vc_column_text]</p>
<p>[/vc_column_text][/vc_column][/vc_row]</p>

<p>[vc_row][vc_column][vc_column_text] [/vc_column_text][/vc_column][/vc_row][vc_row][vc_column][om_agenda][om_agenda_day title=»SEVILLA DIGITAL.INNOVACIÓN y EMPRENDIMIENTO TECNOLÓGICO» date=»25/11/2024 16.30 horas»][om_agenda_item time=»16:30&#8243; title=»Mesa redonda. Impulsando la inovación: El futuro de las inversiones TIC en Sevilla.» room=»Recinto&hellip;</p>
<p><a href="https://www.inproinnova.es/index.php/inscripcion-jornadas-empresas-tic/" class="read-more-link"><span class="read-more-icon"></span>Ver más</a></p>
